f(l) = -7*g(l) + 3*n(l). Determine f(1).
-17
Let u(d) = -d + 5. Let h be (-38)/(-14) - (-4)/14. Let m be (-11)/(-3) + 1/h. Let c be -1 - 0 - (-4)/m. What is u(c)?
5
Let x(u) = 5*u + 2. Let c(v) = v**2 - v + 1. Let r(m) = 2*c(m) + x(m). What is r(-3)?
13
Let q(l) = -l**2 - l + 1. Let p(x) = 3*x**2 - 1. Let s(a) = p(a) + 2*q(a). Let z = -13 + 27. Suppose z*f - 11*f = 3. Determine s(f).
0
Let b(p) = -p**2 - 5*p + 8. Let z(l) = 2*l**2 + 9*l - 15. Let j be (18/12)/(2/(-4)). Let i(g) = j*z(g) - 5*b(g). Determine i(-4).
-3
Let m(n) = -n**3 + 5*n**2 + 8*n - 4. Let w(b) = -b**3 + 2*b + 2. Let p be w(-2). Suppose p*r - r + 3*l = 42, -2*r + 2*l + 4 = 0. Calculate m(r).
8
Let d(l) = l - 6. Let o(s) = -s + 11. Let r(f) be the first derivative of f**2 - 23*f - 1. Let u(c) = 9*o(c) + 4*r(c). Let y(j) = 5*d(j) + 6*u(j). Give y(5).
7
Let d(n) = 43*n**2 + 6*n - 3 - 42*n**2 + 6. Give d(-4).
-5
Let f(a) = -2*a**3 + a + 1. Let s be f(-1). Let d(k) = -3*k**2 - 1. Determine d(s).
-13
Suppose j + 3*a + 6 = 2, -3*j - 2 = 4*a. Let r(l) = 2 + 3*l - 2*l - l**j + 1. Let n be r(3). Let h(x) = x**2 + x + 4. Give h(n).
10
Let u(s) = s**3 - 7*s**2 - 9*s + 8. Let m be u(8). Let d = m - 1. Let i = -2 - d. Let h(l) = 3*l - 1. Determine h(i).
-4
Let q(n) = 3 + 2*n - 2 - 4 - n**3 - 2*n**2 + 7. Suppose 4*a = a - 9. Give q(a).
7
Let o(j) = -j**3 - 5*j**2 - 6*j - 8. Let z be o(-4). Let b(h) = -h**3 - h**2 + h - 8. Give b(z).
-8
Let i(a) = -35*a - 2 + 12 + 37*a. What is i(-7)?
-4
Suppose 0 = 2*z + 9 + 1. Let i(q) be the first derivative of -5/2*q**2 + 5*q - 2 - 1/3*q**3. Give i(z).
5
Let x(q) = -q - 4. Let u(w) be the third derivative of w**6/60 + w**5/20 + w**4/24 + w**3/6 - w**2. Let m be u(-2). Give x(m).
1
Let p(w) be the first derivative of 2/3*w**3 + 0*w**2 + 0*w**4 + 1/60*w**5 + 2 + 0*w. Let q(z) be the third derivative of p(z). Determine q(2).
4
Suppose j = -2*j. Let i(z) = 2 + 2 - z**2 + j + z. Let g = 7 + -10. Determine i(g).
-8
Let a = -22 + 37. Let k = 11 - a. Let g(z) = -z**2 - 6*z - 6. Give g(k).
2
Let m(l) = 5*l**2 - 6*l + 9. Let i(s) = 11*s**2 - 12*s + 19. Let d(g) = -6*i(g) + 13*m(g). Calculate d(-5).
8
Let t(d) be the third derivative of d**6/120 + 7*d**5/60 - d**4/12 - d**3/6 - 25*d**2. Calculate t(-7).
13
Let o be (3/(-3))/(1/(-3)). Suppose -o = 3*d - 2*d. Let v(f) = f**2 + 3*f - 1. Determine v(d).
-1
Suppose -2*h - 17 = -19*h. Let v(q) = 8*q**3 - q**2 - q + 1. Give v(h).
7
Let t(p) = 15*p - 37. Let r(x) = -7*x + 18. Let y(g) = 13*r(g) + 6*t(g). Determine y(5).
7
Let t(l) = -l - 3. Let d be (-5)/1 - 0/2. Calculate t(d).
2
Suppose -5*g + 29 = 9. Let p(y) = -3*y**3 + 6*y**2 - 2*y - 7. Let d(c) = -10*c**3 + 19*c**2 - 7*c - 22. Let u(x) = -2*d(x) + 7*p(x). Calculate u(g).
-5
Let g(r) = r**3 + 3*r**2 - 5*r - 2. Let b be g(-4). Suppose -b*l = -l + 3. Let n(z) be the first derivative of z**3/3 + 2*z**2 + 3*z - 1. Determine n(l).
0
Suppose -9*i + 5*i = -20. Let a(c) = -c**2 + 5*c + 5. What is a(i)?
5
Let d(a) = a**3 + 3*a**2 + a + 3. Let k = 12 - 16. Determine d(k).
-17
Let g(c) be the second derivative of c**3/3 - c**2/2 + c. Suppose 2*o + 8 = 6*o, -4*o = -4*r. Calculate g(r).
3
Let u(l) = -9*l**3 + 2*l**2. Let j(p) = -p**3 + p**2. Let d(c) = j(c) - u(c). What is d(1)?
7
Let q(j) be the second derivative of -j**5/20 + j**4/3 - j**3/6 - 3*j**2/2 + 2*j. Let f be q(3). Suppose -f*m = -2*m - 1. Let h(v) = 6*v. Calculate h(m).
6
Suppose 3 = 2*i - 5. Suppose 7 = -i*v - 9. Let q(r) = -r + 5. Give q(v).
9
Suppose -12*b - 2 = -13*b. Let q(u) = -2*u + u - 6 + 7 - 5*u. Determine q(b).
-11
Let c = -39 - -36. Let z(v) be the second derivative of -v**5/20 - v**4/3 - v**3/2 + 3*v**2/2 - v. Calculate z(c).
3
Let u(v) be the third derivative of 1/60*v**5 + 0*v + 2*v**2 + 5/24*v**4 + 0 + 2/3*v**3. Determine u(-4).
0
Let d(l) = 4*l + 3. Let r be d(-2). Suppose -9 + 49 = 5*z. Let a = r + z. Let i(n) = -n**3 + 3*n**2 - n - 4. Calculate i(a).
-7
Let u(t) = 2*t + 2. Let z = -16 + 13. Calculate u(z).
-4
Let p(l) = -l - 1. Let o(t) = -t**2 - t + 16. Let v(i) = -i**2 - i + 15. Let q(m) = 5*o(m) - 6*v(m). Let c(j) = -3*p(j) + q(j). Give c(-5).
-2
Let v(h) = 2*h + 1. Let q(a) = a - 1. Let u(r) = -2*q(r) - v(r). Let f(n) = n**2 + 5*n + 3. Let i be f(-4). Give u(i).
5
Let r(m) = -m**2 - 4*m - 1. Let l be r(-4). Let p(w) = w**3 - w**2 + w + 1. Determine p(l).
-2
Suppose -2 = r - 4. Let t(l) = -l**2 - 2*l**3 + 0*l + 1 - l**r + l**3 + 4*l. Calculate t(-3).
-2
Let v(m) = -m**2 + 4*m - 3. Let n be ((-17)/(-12) + 6/(-8))*6. Calculate v(n).
-3
Let i(x) = x**2 + 3*x + 2. Let r(w) = -w**3 - 3*w**2 - w - 1. Let u be r(-3). Suppose 0 = -j - u*t + t - 7, -t = -j + 3. What is i(j)?
0
Let b(h) = 2*h - 3. Let o(n) = -n**2 - n + 3. Let i(u) = -3*b(u) - 2*o(u). Calculate i(3).
9
Suppose 0 = -4*d + 3*r + 2*r + 16, 5*d + 4*r = 20. Let f(c) = -c + d*c - 2*c. Calculate f(-4).
-4
Suppose 0 = -q - 4*f + 3, 2*f + 0*f = -3*q + 9. Let c(k) = 6*k - 3*k - q + 1 - 2. Give c(3).
5
Let m(o) = 3*o - 6. Suppose -9*y + 11*y = 12. Give m(y).
12
Let s(c) = -c**3 + 4*c**2 + 2. Suppose 4 = 2*r - r. Suppose 0 = r*m + 16, 4 = -b + 5*b + m. Give s(b).
10
Let i(k) = -5*k - 16. Let s(l) = -2*l - 5. Let v(o) = 2*i(o) - 7*s(o). Give v(-3).
-9
Let m(j) = -j + 3. Let s(l) be the first derivative of l**2 - 5*l + 4. Let a(k) = -5*m(k) - 3*s(k). Calculate a(3).
-3
Let x(y) = y**2 + 6*y + 2. Let c(u) = -2*u**2 - u - 6. Let t be c(9). Let h be t/(-12) + (-3)/4. Suppose 3*a + 5*j + 27 = j, 4*a = 2*j - h. What is x(a)?
-3
Suppose -5*o = -4*j - 31, 5*o = 2*j - 6*j - 1. Let f(b) be the third derivative of b**5/30 - b**4/12 + b**3/3 + 14*b**2. Calculate f(o).
14
Suppose -4*c = -2*c - 6. Let r(j) be the second derivative of -2*j + 0 - 1/2*j**2 - 1/3*j**3. Calculate r(c).
-7
Let a = -37 - -69. Let c be a/10 - (-2)/(-10). Let l(v) = -9*v**c + 1 + 0*v**2 + v - 3*v + v**2. Calculate l(1).
-9
Let t(q) = 5*q**2 - q - 3. Let h(b) = 14*b**2 - 3*b - 8. Let f(v) = 3*h(v) - 8*t(v). Suppose 0 = 3*z + 5*x - 28, -2*z - 7 = z - 2*x. What is f(z)?
1
Let b(a) = a**3 - 1 + 7*a - 2*a + 4*a**2 - 2*a**3. Let f(c) = 5*c - 3 - 2 - 3*c. Let o be f(5). Give b(o).
-1
Suppose 7*p - 6*p = 4*r + 8, -3*r + 4*p = 19. Let x(q) = -2 + 0*q**3 + 3 + q - 7*q**3. What is x(r)?
7
Let y(l) be the second derivative of l**5/120 + l**4/12 + 5*l**3/6 - 5*l. Let m(v) be the second derivative of y(v). Determine m(-5).
-3
Let j(o) = 3*o**2 + 15*o - 1. Let a(h) = 2*h**2 + 15*h - 1. Let k(s) = -4*a(s) + 3*j(s). Calculate k(15).
1
Let k = 6 + -3. Let r(c) = -c - 4*c**3 + 5*c**3 + k*c**2 + 1 + 0. Give r(-2).
7
Suppose -n - 1 = -3. Let g(q) = -q + 2*q - 3*q**2 - q**3 - 1 + 2*q**2. What is g(n)?
-11
Let x(d) = -3*d**2 - 3*d - 2. Let n be (-1 + 0)*((0 - -2) + 1). What is x(n)?
-20
Let m(r) = -3*r - 4. Let t(p) = p + 1. Suppose -h + 7*x = 2*x + 19, -3*h - 27 = -5*x. Let i be t(h). Determine m(i).
5
Suppose 11 = -2*h - 1. Let p(w) = -w**3 - 6*w**2 - w - 4. Calculate p(h).
2
Let c(g) = 8*g**3 - 2*g**2 + 1. Suppose 0 = -5*u - 3*y + 20, 0*y - 2*y + 5 = -5*u. Give c(u).
7
Let n = -39 + 38. Let y(t) = 9*t. Calculate y(n).
-9
Suppose 0*t - 21 = 5*t + 4*z, z - 1 = 0. Let y(s) = -s**2 - 3*s + 5. Calculate y(t).
-5
Let x(i) = -3*i + 47. Let b be x(15). Let k(m) be the second derivative of 2*m - m**b + 0 + 1/3*m**3. Calculate k(-3).
-8
Let n(b) = b - 6. Let d(i) = -2*i + 13. Let p(o) = 6*d(o) + 13*n(o). Suppose -w = w - 8. What is p(w)?
4
Let g be (-1)/3 + (-8)/12. Let a = 4 + g. Let s(d) = -1 + a*d**3 - 6*d**2 - 4*d**3 - 5*d + 2. What is s(-5)?
1
Let h(z) = z**2 + 5*z + 6. Suppose -2*x - 2 + 0 = 0. Let d be (x + 19)/(1 + 1). Let l = d - 13. Determine h(l).
2
Let c be 1 + (-3 - (3 + -2)). Let j(r) = -r - 6. Calculate j(c).
-3
Let w(z) be the second derivative of z**5/20 + z**4/6 - z**3/2 + z. Let f be 6/(-2)*(-20)/(-15). Let v be (-69)/21 - f/14. Give w(v).
0
Let b(f) = 0 - 4 + 3*f + 2. Let y(h) = 4*h - 3. Let c(r) = -3*b(r) + 2*y(r). Give c(4).
-4
Let h be (-4)/10 + (-128)/(-20). Let l be (-8)/(-3) - (-2)/h. Suppose 0 = 3*f + l. Let t(y) = 8*y**2 + y. Calculate t(f).
7
Let m(u) = -10*u**2 - 8*u + 6. Let n(l) = 13*l**2 + 9*l - 6. Let j(f) = -4*m(f) - 3*n(f). Suppose w = 5*w - 80. Suppose -2*y - w = 2*y. Give j(y).
-6
Let w(v) = 4*v + 3. Let s = -26 + 24. Determine w(s).
-5
Let h(a) = -a - 1. Let s(t) be the second de